*x - j + 2*j - 189 = 0, -5*x = -5*j - 230. Suppose 276 = t + x. What is the remainder when t is divided by 58?
55
Let o be (-30)/(2 + 3/(-6)). Let l = 29 + o. Calculate the remainder when l is divided by 31/6 + 2/(-12).
4
Suppose -12*m = 10*m - 2*m - 18520. Calculate the remainder when m is divided by 26.
16
Suppose -186 - 16 = -5*d + r, 2 = -r. What is the remainder when 54 is divided by 2*5/d + 93/12?
6
Suppose -5*y - 318 - 177 = 0. Let m = y + 174. Suppose -96 = 37*w - 43*w. Calculate the remainder when m is divided by w.
11
Let s = -454 + 501. Calculate the remainder when 608 is divided by s.
44
Calculate the remainder when 402 is divided by 96 - ((-6)/(-15) - 148/20).
93
Suppose 0 = 4*v - 19 - 1, 4*v = -3*d + 50. What is the remainder when 17 is divided by d?
7
Suppose y = -2, -y - y + 204 = h. Suppose -h*r - 12 = -210*r. Suppose -33 = -4*n + n. What is the remainder when n is divided by r?
5
Let k(j) = 2*j**3 - 11*j**2 - 54*j - 10. Calculate the remainder when k(15) is divided by 48.
47
Suppose -8*a - 6 = -10*a. Suppose a*d = -0*i + 2*i + 49, -i + 5*d = 14. What is the remainder when 163 is divided by (-3)/1 - -7 - i?
31
Suppose 60*f = -753 + 2853. Calculate the remainder when (-1)/(-2 - 203/(-102)) is divided by f.
32
Let s = -2849 + 2910. What is the remainder when 427 is divided by s?
0
Suppose -53*k = -54*k + 19. Let g(f) = f**2 - 14*f - 6. Let w(a) = a**3 - 7*a**2 + 8*a - 3. Calculate the remainder when g(k) is divided by w(6).
8
Suppose -479*d = -474*d - 71 - 9. Let p be 158/(-10) - (-1)/(-5). Let l = p + 79. Calculate the remainder when l is divided by d.
15
Let l(g) = -2 - 9*g**3 - 1 + 2 - 2*g**3 - 2*g. Suppose 6*s - 247 = 383. Calculate the remainder when s is divided by l(-1).
9
Let o(z) = -40*z + 102 + 44*z**2 + 50*z**2 + 52*z**2 - 198*z**2 + 51*z**2. What is the remainder when o(-35) is divided by 31?
29
Calculate the remainder when 387/18 - (2/(-20) - 14/35) is divided by 8 + -3 + 12/3.
4
Suppose -s + 2*s + 4 = 0, -2*k - 2*s = -34. Suppose -3*i + 144 + k = 0. What is the remainder when i is divided by (3/2)/((-6)/(-76))?
17
Let u = 1213 - 1167. Suppose s - 6*s + 170 = 0. Suppose -t = t - s. What is the remainder when u is divided by t?
12
Let o = 2 + -46. Let l be (-5)/(-20) - o/16. Calculate the remainder when (-520)/(-6) + (-2 - (-4)/l) is divided by 22.
20
Let g(n) = -2*n + 1. Let i(z) = 41*z - 48. Let u(s) = 6*g(s) + i(s). Calculate the remainder when u(4) is divided by 26.
22
Suppose p - 92283 = -91344. Calculate the remainder when p is divided by 157.
154
Let t(a) = -a**2 - 24*a + 359. What is the remainder when 1966 is divided by t(-30)?
176
Let t = 16776 - 16542. Calculate the remainder when 1117 is divided by t.
181
Let n(x) = -20*x**2 - 1059*x + 72. What is the remainder when 2558 is divided by n(-53)?
12
Suppose -4*t - 2*t + 18 = 0. What is the remainder when 14 is divided by 14/(-21) - (3 - 35/t)?
6
Suppose p = 4*o - 5, -5 = -3*o + 4*o + p. Suppose o = 6*f + 14 - 308. Suppose -8*s = -95 - f. What is the remainder when 88 is divided by s?
16
Suppose 8 + 5 = r + w, -r + 9 = -3*w. Suppose 4*c - d - 1088 = 344, 0 = -3*c - 3*d + 1074. What is the remainder when c is divided by r?
10
Let c = -103 - -179. What is the remainder when (-10)/((-6457)/(-814) + -8) is divided by c?
72
Suppose -33*i = -30*i - 1056. Suppose -4*b + i = -2*b. Suppose 3*h + b = 7*h. What is the remainder when h is divided by 23?
21
Let r(d) = -d**3 - 5*d**2 + 11*d + 10. Let v be r(-9). Suppose 479 = 21*s - v. Let n = -17 - -30. Calculate the remainder when s is divided by n.
8
Let y(k) = 2*k**2 - 94*k - 1052. Calculate the remainder when y(-10) is divided by 75.
13
Let m(g) = g**2 - g - 38. Let w be m(-7). Calculate the remainder when 137 is divided by (6 + (-99)/w)*96.
41
Suppose 0*y - 5*j - 27 = -2*y, y - 6 = 5*j. Suppose -40 - 79 = -17*p + 136. Calculate the remainder when y is divided by p.
6
Suppose -3*n - 4*s = -0*n - 296, 4*s + 88 = n. Let a(j) = -22*j - 34. What is the remainder when n is divided by a(-3)?
0
Suppose 83 = f - 22. What is the remainder when f is divided by (8 + 25 - 0)/(1/2)?
39
Let w(l) = l**3 + 23*l**2 - 211*l - 4422. What is the remainder when w(-24) is divided by (12 + 0)*28/8?
24
Suppose 27 = 5*m - 28. Let b(t) = t**3 + t**2 - 8*t. Let d be b(-5). Let g = -54 - d. Calculate the remainder when m is divided by g.
5
Suppose 130*b + 2457 = 193*b. Calculate the remainder when 300 is divided by b.
27
Suppose -2445 - 2483 = -56*u. What is the remainder when 2463 is divided by u?
87
Let o = -3476 + 6906. What is the remainder when o is divided by 26?
24
Let z(v) = 14*v + 179. Let q(j) = -17*j - 179. Let x(t) = 6*q(t) + 5*z(t). What is the remainder when 86 is divided by x(-7)?
41
Suppose -3*g = -4*v - 23, 4*g = 173*v - 169*v + 32. Calculate the remainder when 726 is divided by g.
6
Let b(p) = -27*p - 180. What is the remainder when 60208/994 - (-4)/14*-2 is divided by b(-7)?
6
Suppose -49315 = -95*c + 17686 + 24009. Calculate the remainder when c is divided by 191.
3
Suppose 0*q + 4*q = 2*o - 1574, -5*q - o = 1950. Let x = 405 + q. Calculate the remainder when 82 is divided by x.
12
Let z(a) = 12*a**3 - 8*a**2 + 24*a - 69. Let l be z(6). Suppose 2*v - l = -1543. What is the remainder when v is divided by 70?
68
Let j = -37264 + 37378. Suppose 5*k + t + 4*t - 260 = 0, 0 = -3*k + t + 136. What is the remainder when j is divided by k?
20
Suppose -5*g + 4*d + 5923 = 133, -3*d = -2*g + 2309. What is the remainder when g is divided by 578?
6
Suppose 3*d + 22 = -j + 294, -2*j + 366 = 4*d. Suppose -3*v = 0, 5 = o - 4*v - 5. What is the remainder when d is divided by o?
9
Suppose 15*a = -24*a + 15522. What is the remainder when a is divided by 36?
2
Suppose 2*q = -3*b + 18095, -18*q + 13*q = -4*b - 45180. Suppose 13*h + 3*h = q. What is the remainder when h is divided by 63?
61
Calculate the remainder when 369 is divided by (-3 - (-1902)/(-30))*15/(-6).
37
Let u = -2557 + 2585. Calculate the remainder when 888 is divided by u.
20
Let y = 1964 + -1770. What is the remainder when y is divided by 52?
38
Let l be 147/9 + 3 - 12/(-18). Let d be 26/(l/30 - 8/6). Let j = d + 78. Calculate the remainder when j is divided by 7.
4
Let z(m) be the third derivative of 4*m**5/5 - 7*m**4/8 + m**3/2 + 174*m**2. Calculate the remainder when z(-2) is divided by 34.
33
Let t = -32 + 34. Suppose -i - 3*p + 9 = p, t*p + 36 = 4*i. What is the remainder when (-34)/(-4)*(-12)/(-1 - 5) is divided by i?
8
Suppose -11*h + 1547 + 147 = 3*h. What is the remainder when 309 is divided by h?
67
Suppose 3*u - 6*u = 11*u. Let w(f) be the third derivative of f**6/120 + f**5/30 + f**4/12 + 7*f**3 + f**2. Calculate the remainder when 121 is divided by w(u).
37
Suppose -q + 0*q + 51 = 0. Suppose -3*o + q = -0*o. Suppose -75*l = -82*l + 469. Calculate the remainder when l is divided by o.
16
Let x = -29 - -129. Let w = 7717 - 7701. Calculate the remainder when x is divided by w.
4
Let c be 2/6*0/(-13). Suppose -26*w + 31*w - 65 = c. What is the remainder when 38 is divided by w?
12
Let w = 78 + -150. Let j = -46 - w. What is the remainder when 71 is divided by j?
19
Suppose -4*l = -30 - 62. Let y(q) = 886*q - 4424. Calculate the remainder when l is divided by y(5).
5
Let t(s) = 3256*s**2 - 199*s - 202. Calculate the remainder when t(-1) is divided by 2.
1
Suppose -12*s - 5*l = -8*s - 33, 25 = 5*l. Calculate the remainder when 1382 is divided by s.
0
Suppose -2*y + 31 = -25. Suppose b + b - 10 = 0. Suppose v = b*v - 24. Calculate the remainder when y is divided by v.
4
What is the remainder when 15604 is divided by (320790/(-2775))/((-2)/5)?
287
Suppose -2*k + 3*h + 41 = 0, 3*k - 39 = -3*h - 15. Suppose k*j - 52 = 520. What is the remainder when 305 is divided by j?
41
Let c(a) = -2*a**2 - 53*a - 38. Suppose 0 = -4*m + q - 102, 2*q + q - 81 = 3*m. What is the remainder when c(m) is divided by 24?
13
Let d(b) = -b**3 - 4*b**2 + b + 4. Let w be d(-4). Suppose w*t = -t. What is the remainder when 42 is divided by (17 - 17) + (23/1 - t)?
19
Let h = 9033 + -8499. Calculate the remainder when h is divided by 5.
4
Suppose -66*s = 4*g - 63*s - 287, 0 = 2*g + 5*s - 147. What is the remainder when g is divided by 34?
3
Let w(y) = 5*y + 5. Let p be -3*(-38)/27 - 4/18. Suppose -19 